ors of h?
3, 5
Let w = 197 - 17. Suppose w = 2*k - 10. Let t = k - 56. List the prime factors of t.
3, 13
List the prime factors of (5*10/6)/(28/420).
5
Suppose 2*o - 3*g - 25 = 0, -25 = 2*g + 3*g. Suppose -87 = -o*d - b, -5*b - 4 + 14 = 0. List the prime factors of d.
17
Suppose b - y - 261 = 0, -3*b - 2*b + 1313 = -3*y. List the prime factors of b.
5, 53
Let w(k) = -k**3 + k**2 + 16*k - 6. List the prime factors of w(-6).
2, 3, 5
Let r be (3/(-6))/(1/(-4)). Suppose 0 = l - 0*l - r. Suppose -4*c + 62 = -l*k, -c + 17 = -2*k + k. List the prime factors of c.
2, 7
Let n = -146 + 226. Let h be (-96)/n*(-40)/(-6). What are the prime factors of (0 - (h - -4))*12?
2, 3
Let g(s) = -24*s + 13. Let b(x) = x. Let q(c) = -6*b(c) - g(c). List the prime factors of q(6).
5, 19
Suppose 0 = 4*m - 3*x - 4637, m - 5*x - 1143 = -x. What are the prime factors of m?
1163
Let y(d) = 5*d + 22. Let r be y(5). Let g = r - 16. Suppose -201 + g = -5*m. List the prime factors of m.
2, 17
Let j be 448/(-5) + 24/40. Let v be -3 - -7 - (j + 0). Suppose 3*f - v = -0*f. List the prime factors of f.
31
Let d(w) = -12*w - 48. Let u be d(-6). Suppose u*t = 19*t + 545. List the prime factors of t.
109
Let y(i) = -153*i**3 + 71*i**2 + 201*i - 6. What are the prime factors of y(-3)?
3, 19, 73
Let m be 183/(1/(0 + 1)). Suppose 6*t = m - 21. What are the prime factors of t?
3
Let z be 14/(-56) - 2/(-8). Suppose 5*j + 36 + 19 = z. List the prime factors of (j + -1)*(-10)/3.
2, 5
Let f = 1522 + -1495. What are the prime factors of f?
3
Let o = 10 + -9. Let d be (0*o/(-2))/(-1). Suppose d - 20 = -5*m. List the prime factors of m.
2
Suppose -1 - 7 = -2*m. Suppose -m*d + 7*d = -126. Let c = d + 75. List the prime factors of c.
3, 11
Let x = -10 - 34. Let s = x - -73. List the prime factors of s.
29
Let l be ((-46)/6 + 4)/(4/(-36)). Suppose -n + l - 16 = 0. What are the prime factors of n?
17
Let z(r) = r**3 + 11*r**2 - 3*r - 11. Let h be (2 - -14)/(-4)*-1. Suppose 12 = -h*u - 32. What are the prime factors of z(u)?
2, 11
Let d(h) = h**2 - 5*h + 2. Let c be d(5). Suppose -4*w + 10 = 5*b - 7*w, -c*b + 5 = -w. Suppose -b*v = 23 - 88. What are the prime factors of v?
13
Let x = 97 - 79. Let g = x + 127. What are the prime factors of g?
5, 29
Suppose -3 = 3*i + 6. Let f be -13 - (-1)/(i/(-6)). Let r = 28 + f. What are the prime factors of r?
17
Let b(j) = 9*j**2 - 2*j + 16. Let t be b(3). Suppose -3*i = -80 - t. What are the prime factors of i?
3, 19
Let t(f) = f**3 - 30*f**2 - 31*f + 41. What are the prime factors of t(32)?
1097
Let u be (2 - -1) + 2/1. Suppose u*z + 128 - 493 = 0. List the prime factors of z.
73
Let a be (-5)/(-10)*1*36. Let g(o) = -o**3 + 7*o**2 + o + 9. Let s be g(7). What are the prime factors of (-5)/(s/a + -1)?
3, 5
Let h be (-10)/((2/(-2))/11). What are the prime factors of 20/3*-10*(-132)/h?
2, 5
Suppose -2*k - k + 2*g = -11, 0 = k - 2*g - 9. Let t be 0 + (0 - (k + -4)). Suppose t*w - 13 + 4 = 0. List the prime factors of w.
3
Suppose 0*t - 786 = -3*t - 5*r, -t + 2*r = -262. What are the prime factors of t?
2, 131
Let s(a) = 3*a**2 - 78*a + 36. List the prime factors of s(-14).
2, 3, 11, 13
Suppose -11 + 31 = 5*f. Suppose -f*b = -a + 13, a + 2*b + 2*b = -3. List the prime factors of a.
5
Suppose 0 = -y + 2*j + 6, -y - 4*j + 10 = -2*j. Suppose 3*i - y = i. List the prime factors of (-2)/(i/(-6)) + 13.
2
Let b be -2 + (412 - (-2 + 5)). Suppose -6*m = -511 - b. What are the prime factors of m?
3, 17
Let p = 1901 + -877. What are the prime factors of p?
2
Suppose -4*z - 2*h - 203 = -55, 4*z - 3*h + 168 = 0. Suppose 2*r - 236 = -4*i, -2*i - 2*i + r = -248. Let b = z + i. List the prime factors of b.
2, 11
Suppose -13 = 4*d - 5*b, 3*d + 4*b - 35 = -2*d. Suppose 4*p = -d*c + 75, -28 + 3 = -3*p + 4*c. What are the prime factors of p?
3, 5
Let v = 42 - 35. Suppose -5*g + 3*f - 106 = v*f, -2*g + 4*f - 20 = 0. List the prime factors of g*12/(-3)*1.
2, 3
List the prime factors of ((-1)/(9/246))/(2/(-30)).
2, 5, 41
Let s = 1 + 5. Let h be -3 - (2 - (s + 0)). List the prime factors of (h - -1)/((-6)/(-9)).
3
Suppose -m + 5*l = -32, 6*m - 192 = 2*m + 4*l. Let i = 120 - m. What are the prime factors of i?
2, 17
Let k = 49 + -27. Let i = k - -31. What are the prime factors of i?
53
Let r(t) = -t**3 + 2*t**2 + 17*t + 1. List the prime factors of r(-7).
17, 19
Suppose -161*q + 171*q - 18270 = 0. List the prime factors of q.
3, 7, 29
Let h be ((-6)/(-4))/(2/4). Suppose j = -4*f + 6, j + h*f - 4*f - 6 = 0. Let q(d) = d**3 - 3*d**2 - 10*d + 9. What are the prime factors of q(j)?
3, 19
Let c(m) = m**2. Let b(i) = i**3 + 5*i**2 + 3*i - 4. Let v(z) = b(z) + c(z). Let y be v(-6). List the prime factors of (-1)/(-1 + y/(-23)).
23
Suppose 4*i + 3 = 23. Suppose -4*v = -i*v + 4. Let z = 12 + v. What are the prime factors of z?
2
Let d = 3147 + -217. What are the prime factors of d?
2, 5, 293
Let r = 19 - 16. Let i be (21/6)/(r/18). Suppose 2*j - j = i. List the prime factors of j.
3, 7
Let q = -411 - -711. List the prime factors of q.
2, 3, 5
Let m(z) = 42*z**2 + 5*z + 4. What are the prime factors of m(-11)?
3, 13, 43
Suppose 0 = -2*n + 5*c + 1987, -2*n - 2*c + 1221 = -745. What are the prime factors of n?
2, 17, 29
Let y(u) = -u**3 + 5*u**2 + 7*u - 8. Let h be y(6). Let l be 3/(5/3 + h). What are the prime factors of (-2)/(-6) - 51/l?
2, 3
Let h be (-2)/3 + (-6460)/(-60). Let j = 172 - h. List the prime factors of j.
5, 13
Suppose 0 = -5*y + 356 + 2394. List the prime factors of y.
2, 5, 11
List the prime factors of (-385 + 8 + (-18)/3)*-5.
5, 383
Suppose 0 = 5*o + 3*d - 298, -2*o + d = -85 - 32. Suppose 5*n = -x + o + 9, 4*n = 16. What are the prime factors of x?
2, 3
Suppose -j = 1 + 1. Let q be j + 4 + 2 + 1. Suppose o = q*o - 100. What are the prime factors of o?
5
Let p(k) = 16*k - 2*k + 12 - 3*k + 4*k. What are the prime factors of p(8)?
2, 3, 11
Let j = -15 - -40. Suppose -k = -2*s + 133, 0 = 2*s + 5*k - 140 + j. List the prime factors of s.
5, 13
Let d = -14 - -18. Suppose d*l + l = 370. What are the prime factors of l?
2, 37
Suppose 3*p - 2*p = 5*y - 7917, 0 = -y + 2*p + 1587. List the prime factors of y.
1583
Let y(u) = 40*u - 479. What are the prime factors of y(38)?
3, 347
Let y = 31 + -27. Suppose y*s = 3*s + 64. List the prime factors of s.
2
Suppose 5*p + 342 = 3*x + 1, -3*x = 3*p - 309. List the prime factors of x.
107
Let q = 1011 + -654. List the prime factors of q.
3, 7, 17
Suppose 0 = 13*c - 18*c - 2*d + 7228, 3*c - 4*d = 4342. What are the prime factors of c?
2, 3, 241
Suppose 38 = -m + 51. Let t(p) = -p**2 + 16*p + 24. What are the prime factors of t(m)?
3, 7
Suppose 0 = -2*o + 2 + 2. Suppose -15 = o*t + 3. List the prime factors of 10 + t - -15*1.
2
Let h = -273 + 168. Let v = -48 + h. Let q = 226 + v. What are the prime factors of q?
73
Let d = 27 - 20. Suppose 0 = -n - 5*w + 25, 0 = 3*w - 9 - 6. Let m = d - n. What are the prime factors of m?
7
Let u(j) = 24*j + 129. What are the prime factors of u(23)?
3, 227
Let f = -669 + 1508. What are the prime factors of f?
839
Let k = 53 - 38. What are the prime factors of (30/25)/(6/k)?
3
Suppose -152 = -2*c + 566. What are the prime factors of c?
359
Let w = -106 + 117. What are the prime factors of w?
11
Let v(m) = 61*m + 20. Let w be v(4). Suppose 0 = 4*o + 8*o - w. What are the prime factors of o?
2, 11
Suppose -4 = -2*v - 2*h, 3*v + 2 - 18 = 2*h. Suppose 0 = 2*m - 0*g + 4*g - 84, -174 = -v*m - 5*g. List the prime factors of m.
2, 23
Let a = -2054 - -4053. List the prime factors of a.
1999
Let j(p) = -3*p**2 + 5 + 3*p**2 + 6*p + p**2 + 2*p**2. List the prime factors of j(-5).
2, 5
Suppose -7*f - 20 = -12*f. Suppose -w + 87 = -5*d, -f*d + 420 - 72 = 5*w. List the prime factors of w.
2, 3
List the prime factors of 30 + -30 - (-6057 + -4).
11, 19, 29
Let m be (-3 - 0/(-5)) + 70. Let i = 12 + m. What are the prime factors of i?
79
Suppose 0 = 3*v + 4*w + 100, 5*v + 3*w = -0*v - 185. Suppose 0 = 4*d - 169 - 147. Let h = v + d. What are the prime factors of h?
3, 13
Suppose -s - 4*n = -0*s - 352, 0 = 2*s - 2*n - 744. Suppose 2 = -i, -5*i - 658 = -4*r + s. List the prime factors of r.
2, 127
Let g(w) = 6*w - 15. Let p be g(5). Suppose -16*l + p*l = -216. What are the prime factors of l?
2, 3
Let c = 12 - 6. Suppose -2*x - 2*x +